. Determine y(55).
-19
Let n(w) = -66*w**3 - 2640*w**2 + 11*w + 473. Determine n(-40).
33
Let h(p) = -36*p**2 + 808*p + 1220. Determine h(19).
3576
Let u(a) = 132*a + 26056. Give u(-201).
-476
Let t(o) = 26795*o + 16425357. Determine t(-613).
22
Let l(c) = c**3 + 6*c**2 - 48*c + 408. What is l(-18)?
-2616
Let z(d) = 2*d**2 - 590*d - 1179. Calculate z(297).
9
Let p(h) = -5131*h + 41034. Calculate p(8).
-14
Let u(s) = s**3 - 8*s**2 - 625*s - 2117. Calculate u(-19).
11
Let q(k) = k**3 + 5*k**2 - 180*k - 747. Determine q(-4).
-11
Let n(g) = -202*g - 6237. Calculate n(-24).
-1389
Let d(g) = g**2 + 76*g - 71018. What is d(-307)?
-101
Let j(r) = 9*r**2 - 12234*r - 36707. Give j(-3).
76
Let s(x) = 704*x - 6883. Calculate s(10).
157
Let w(c) = c**3 - 123*c**2 + 355*c + 486. Calculate w(120).
-114
Let m(w) = -3*w**3 - 20*w**2 + 57*w + 264. Calculate m(-7).
-86
Let m(u) = 5*u**3 - 254*u**2 - 38*u - 187. Calculate m(51).
476
Let t(k) = k**3 + 68*k**2 + 242*k - 628. Give t(-64).
268
Let l(t) = 2*t**2 - 4054*t + 2051840. Calculate l(1049).
-4
Let v(b) = -1192*b + 728. Determine v(1).
-464
Let l(o) = o**3 - 406*o**2 + 4308*o + 96. Calculate l(11).
-311
Let j(p) = -6*p**3 + 3684*p**2 + 6*p - 3719. Calculate j(614).
-35
Let x(h) = 4583*h + 104555. Determine x(-23).
-854
Let g(t) = -31*t + 688. What is g(44)?
-676
Let q(k) = -k**2 - 61824*k - 6049143. What is q(-98)?
5
Let q(n) = -683*n - 6151. What is q(-9)?
-4
Let y(s) = 3*s**3 + 142*s**2 - 270*s - 1226. Give y(-49).
-1
Let g(d) = 4*d**2 - 1539*d - 24137. Give g(400).
263
Let b(c) = -2*c**3 + 146*c**2 - 1281*c + 185. Determine b(10).
-25
Let n(h) = -3*h**3 + 247*h**2 - 2096*h + 35. What is n(9)?
-1009
Let n(p) = 1348*p - 51636. Give n(38).
-412
Let k(z) = -5*z**3 + 9*z**2 + 17*z + 17. Give k(-3).
182
Let i(t) = -3179*t**2 - 19057*t + 101. What is i(-6)?
-1
Let p(y) = 3*y**2 - 318*y + 2073. What is p(95)?
-1062
Let h(b) = 8*b**2 + 85581*b + 427752. Give h(-5).
47
Let d(z) = -151*z**3 - 290*z**2 - 31*z - 55. Determine d(-2).
55
Let f(c) = -2222*c - 4261. What is f(-2)?
183
Let j(a) = a**3 + 63*a**2 - 413*a + 64. Determine j(-69).
-5
Let c(a) = -2*a**3 + 4*a**2 - 1081*a - 5470. Calculate c(-5).
285
Let t(j) = j**2 - 14*j + 219. Determine t(8).
171
Let c(i) = -i**3 + 55*i**2 - 444*i + 54. Calculate c(46).
-1326
Let v(i) = -593727*i - 4156085. Calculate v(-7).
4
Let h(m) = -17*m**2 + 412*m + 2555. Determine h(30).
-385
Let x(t) = 4*t**3 + 23*t**2 + 213*t + 368. What is x(-2)?
2
Let b(k) = -2*k**3 + 85*k**2 - 654*k + 24. What is b(10)?
-16
Let d(q) = -15339*q + 153243. Determine d(10).
-147
Let b(n) = -14*n**3 + 34*n**2 + 227*n - 596. Determine b(2).
-118
Let c(j) = -69*j**2 - 1102*j - 59. Determine c(-16).
-91
Let d(p) = -462328*p - 6010259. Give d(-13).
5
Let z(p) = p**3 + 40*p**2 + 69*p + 1233. Determine z(-39).
63
Let x(w) = 280*w + 6472. Give x(-29).
-1648
Let f(l) = 638*l**2 - 69*l - 1. Give f(-2).
2689
Let j(t) = 1899*t + 2971. What is j(-2)?
-827
Let o(g) = -405*g + 14679. Determine o(34).
909
Let v(c) = -c**3 - 68*c**2 - 725*c - 5046. Calculate v(-57).
540
Let d(t) = -2922*t - 5708. What is d(-2)?
136
Let s(y) = y**3 + 139*y**2 + 1088*y + 3989. Calculate s(-131).
-1251
Let j(w) = w**2 - 16*w + 485. What is j(-28)?
1717
Let q(g) = 6*g**2 - 697*g + 6348. Determine q(10).
-22
Let k(j) = -2*j**3 - 92*j**2 + 985*j + 43. What is k(-55)?
318
Let j(t) = -476*t + 3975. Calculate j(8).
167
Let d(z) = -15633*z - 20197836. Determine d(-1292).
0
Let y(k) = 5*k**3 + 7*k**2 + 368*k - 798. Give y(2).
6
Let j(m) = -111*m**2 - 184136*m + 21593. Determine j(-1659).
26
Let m(v) = -v**3 + 2*v**2 + 80*v + 51. Determine m(9).
204
Let i(j) = -2007*j - 37669. Determine i(-19).
464
Let c(k) = 24*k**2 - 199*k + 178. Determine c(8).
122
Let u(j) = 173*j**2 - 171*j + 686. Calculate u(4).
2770
Let m(a) = a**2 - 4412*a + 342330. What is m(79)?
23
Let s(u) = -6*u**2 + 923*u - 2553. Determine s(151).
14
Let t(q) = -3*q**3 - 82*q**2 - 94*q + 178. Determine t(-26).
-82
Let m(z) = 3*z**2 - 2063*z + 16484. What is m(8)?
172
Let v(d) = -d**3 - 32*d**2 - 12*d - 7272. Calculate v(-37).
17
Let l(y) = -y**3 + 225*y**2 - 442*y - 1057. What is l(223)?
-165
Let z(c) = 9*c**2 - 10117*c + 41447. Determine z(1120).
7
Let h(s) = -849*s - 18628. Give h(-21).
-799
Let j(b) = b**3 - 42*b**2 + 120*b + 480. Determine j(0).
480
Let m(k) = 134*k - 1270. What is m(8)?
-198
Let l(s) = -31*s**2 - 10754*s + 43510. What is l(4)?
-2
Let y(d) = d**3 + 106*d**2 + 685*d - 769. Give y(-99).
23
Let n(p) = 598*p + 69189. Give n(-115).
419
Let k(x) = -86*x - 5436. What is k(-33)?
-2598
Let k(b) = 4*b**3 - 16*b**2 - 4735*b - 9425. Determine k(-2).
-51
Let i(a) = 2*a**2 - 88*a - 3743. What is i(72)?
289
Let c(n) = -1654*n + 46825. What is c(28)?
513
Let g(i) = -1336*i**2 - 6687*i - 73. Calculate g(-5).
-38
Let t(n) = 1156*n - 5679. Calculate t(5).
101
Let x(d) = 13856*d**2 - 110850*d + 12. Give x(8).
-4
Let m(z) = 36219*z + 289569. What is m(-8)?
-183
Let d(z) = -3*z**2 + 379*z - 7465. Calculate d(102).
-19
Let y(g) = -596*g - 47796. What is y(-78)?
-1308
Let t(m) = 63*m**3 - 8*m**2 + 95*m + 211. Calculate t(-2).
-515
Let n(f) = -1714*f - 63. Calculate n(1).
-1777
Let z(k) = -203029*k + 4669680. What is z(23)?
13
Let o(h) = 6039*h - 96665. Calculate o(16).
-41
Let v(i) = -2089*i**2 - 39534*i + 2974. Calculate v(-19).
-9
Let b(w) = -137*w + 191. Calculate b(-9).
1424
Let t(h) = -3*h**3 + 177*h**2 - 28. Determine t(59).
-28
Let t(d) = 4*d**2 - 151*d - 6675. Give t(-26).
-45
Let z(j) = -6838*j - 396603. What is z(-58)?
1
Let g(z) = -13068*z - 261312. What is g(-20)?
48
Let f(u) = 3826*u - 6706983. What is f(1753)?
-5
Let s(t) = 19*t**2 - 75*t + 1. Calculate s(4).
5
Let i(c) = -c**3 + 128*c**2 + 11289*c + 240. Determine i(-60).
-300
Let k(r) = -r**3 - 31*r**2 + 105*r + 1548. Determine k(-35).
2773
Let v(z) = -2102*z + 90411. Determine v(43).
25
Let n(r) = -r**2 + 4005*r + 709762. Give n(-170).
12
Let s(h) = -9*h**2 + 143*h - 108. Give s(15).
12
Let f(v) = -2*v**3 + 6*v**2 - 271*v + 540. Give f(2).
6
Let d(t) = 31524*t - 725058. Determine d(23).
-6
Let k(h) = 2*h**2 + 7169*h + 14335. What is k(-2)?
5
Let m(v) = 4*v**2 + 701*v - 7106. Calculate m(10).
304
Let y(b) = -39197*b + 236219. Calculate y(6).
1037
Let i(r) = -23*r**2 - 4787*r + 176. Calculate i(-208).
800
Let o(z) = -4174*z - 267051. What is o(-64)?
85
Let m(v) = -4*v**2 - 827*v - 6374. What is m(-8)?
-14
Let b(r) = 539*r + 415. Calculate b(-1).
-124
Let u(a) = -a**3 - 51*a**2 - 549*a + 70. Calculate u(-37).
1217
Let v(g) = 10*g**2 - 5645*g + 25207. Give v(560).
7
Let t(s) = -2*s**3 + 350*s**2 - 5375*s + 457. What is t(158)?
-17
Let t(f) = -3*f**3 + 33*f**2 - 19*f + 9. Determine t(4).
269
Let c(t) = 3*t**3 + 4*t**2 - 41*t - 9. What is c(5)?
261
Let k(f) = -11*f**2 + 7936*f + 47647. Calculate k(-6).
-365
Let v(w) = w**2 - 16*w - 542. Give v(17).
-525
Let j(u) = -2669*u - 371288. Determine j(-139).
-297
Let k(q) = -1148*q - 209055. Give k(-182).
-119
Let v(r) = r**3 + 44*r**2 - 941*r - 145. Calculate v(-60).
-1285
Let d(a) = -4452*a**2 - 13314*a + 13. Determine d(-3).
-113
Let o(w) = 32865*w + 1117410. Give o(-34).
0
Let v(u) = -24*u**3 - 50*u**2 - 11*u - 228. Calculate v(-3).
3
Let m(j) = -284*j - 15337. Calculate m(-54).
-1
Let u(k) = k**3 - 12*k**2 - 83*k + 566. Determine u(18).
1016
Let k(t) = t**3 + 60*t**2 + 779*t + 2104. Calculate k(-43).
40
Let i(b) = 2*b**3 + 86*b**2 + 259*b + 7325. Give i(-42).
-25
Let w(u) = 20*u**3 - 507*u**2 + 173*u + 22. Calculate w(25).
-28
Let y(j) = j**3 + 25*j**2 + 234*j + 5667. Calculate y(-25).
-183
Let j(p) = 59149*p - 709871. What is j(12)?
-83
Let t(d) = d**3 - 23*d**2 - 688*d - 210. Calculate t(-17).
-74
Let b(j) = 333*j + 97928. What is b(-294)?
26
Let g(i) = -117*i**2 + 1525*i - 27. Determine g(13).
25
Let o(q) = -5*q**2 + 2520*q - 84205. Give o(36).
35
Let v(w) = 79874*w + 638967. Calculate v(-8).
-25
Let j(c) = -347*c**3 + c**2 + 154*c + 153. Give j(-1).
347
Let o(j) = 281556*j + 1689461. Calculate o(-6).
125
Let a(y) = 7*y**2 + 42*y + 92. Determine a(-5).
57
Let s(i) = -11612*i - 11620. What is s(-1)?
-8
Let g(v) = 724*v**2 + 26060*v + 101. Determine g(-36).
245
Let g(y) = -664*y + 13214. Determine g(20).
-66
Let h(y) = 176*y - 13974. What is h(56)?
-4118
Let m(x) = 2*x**2 - 